is divided by 795.
41
What is the remainder when 6407 is divided by 1370?
927
Calculate the remainder when 103332 is divided by 61.
59
What is the remainder when 53052 is divided by 2787?
99
Calculate the remainder when 200 is divided by 63.
11
What is the remainder when 42165 is divided by 7027?
3
Calculate the remainder when 7126 is divided by 7100.
26
Calculate the remainder when 298425 is divided by 52.
49
What is the remainder when 86580 is divided by 11?
10
Calculate the remainder when 12872 is divided by 1052.
248
What is the remainder when 334 is divided by 208?
126
Calculate the remainder when 639571 is divided by 213187.
10
Calculate the remainder when 45338 is divided by 21.
20
Calculate the remainder when 419 is divided by 79.
24
What is the remainder when 216626 is divided by 163?
162
Calculate the remainder when 226 is divided by 48.
34
Calculate the remainder when 1303 is divided by 62.
1
Calculate the remainder when 2231 is divided by 742.
5
Calculate the remainder when 88590 is divided by 377.
372
What is the remainder when 2568715 is divided by 84?
79
What is the remainder when 156331 is divided by 68?
67
Calculate the remainder when 62620 is divided by 14.
12
What is the remainder when 260282 is divided by 131?
116
What is the remainder when 11838 is divided by 1690?
8
Calculate the remainder when 22248 is divided by 22237.
11
Calculate the remainder when 3732 is divided by 1855.
22
What is the remainder when 12601 is divided by 576?
505
What is the remainder when 148548 is divided by 293?
290
What is the remainder when 9086 is divided by 1580?
1186
What is the remainder when 22831 is divided by 43?
41
Calculate the remainder when 5363 is divided by 1786.
5
What is the remainder when 86433 is divided by 17283?
18
What is the remainder when 160717 is divided by 317?
315
What is the remainder when 81 is divided by 7?
4
Calculate the remainder when 553 is divided by 533.
20
What is the remainder when 76991 is divided by 91?
5
What is the remainder when 1642 is divided by 1623?
19
What is the remainder when 23143 is divided by 526?
525
Calculate the remainder when 716 is divided by 65.
1
What is the remainder when 388 is divided by 21?
10
Calculate the remainder when 637264 is divided by 21.
19
What is the remainder when 21537 is divided by 54?
45
Calculate the remainder when 1166811 is divided by 16.
11
What is the remainder when 22979 is divided by 22969?
10
What is the remainder when 16992 is divided by 5649?
45
Calculate the remainder when 82397 is divided by 100.
97
What is the remainder when 54206 is divided by 985?
31
Calculate the remainder when 201419 is divided by 56.
43
What is the remainder when 6274 is divided by 352?
290
What is the remainder when 7074 is divided by 30?
24
Calculate the remainder when 3399 is divided by 170.
169
What is the remainder when 12619 is divided by 337?
150
What is the remainder when 68869 is divided by 2152?
5
What is the remainder when 8248 is divided by 630?
58
Calculate the remainder when 295665 is divided by 387.
384
What is the remainder when 3245 is divided by 327?
302
What is the remainder when 4080 is divided by 678?
12
Calculate the remainder when 66120 is divided by 22040.
0
Calculate the remainder when 2896 is divided by 410.
26
What is the remainder when 6811 is divided by 75?
61
Calculate the remainder when 16807 is divided by 22.
21
Calculate the remainder when 359409 is divided by 2496.
2481
Calculate the remainder when 343 is divided by 236.
107
Calculate the remainder when 7903 is divided by 2528.
319
What is the remainder when 3638 is divided by 77?
19
Calculate the remainder when 14591 is divided by 24.
23
What is the remainder when 3619 is divided by 191?
181
What is the remainder when 9373 is divided by 75?
73
What is the remainder when 477 is divided by 158?
3
What is the remainder when 7851 is divided by 7843?
8
What is the remainder when 31003 is divided by 1937?
11
Calculate the remainder when 466664 is divided by 9523.
37
Calculate the remainder when 11369 is divided by 11357.
12
Calculate the remainder when 139272 is divided by 75.
72
Calculate the remainder when 27492 is divided by 39.
36
Calculate the remainder when 1609 is divided by 443.
280
Calculate the remainder when 469304 is divided by 731.
2
Calculate the remainder when 372496 is divided by 9801.
58
Calculate the remainder when 13110 is divided by 1625.
110
What is the remainder when 9542 is divided by 594?
38
What is the remainder when 37285 is divided by 53?
26
Calculate the remainder when 662148 is divided by 323.
321
What is the remainder when 428900 is divided by 4164?
8
What is the remainder when 586 is divided by 559?
27
Calculate the remainder when 169857 is divided by 30.
27
Calculate the remainder when 88189 is divided by 90.
79
What is the remainder when 20246 is divided by 81?
77
Calculate the remainder when 15127 is divided by 3024.
7
Calculate the remainder when 14930 is divided by 4972.
14
What is the remainder when 1105883 is divided by 234?
233
Calculate the remainder when 13696 is divided by 12.
4
Calculate the remainder when 2813 is divided by 252.
41
What is the remainder when 117078 is divided by 29261?
34
What is the remainder when 2738 is divided by 194?
22
Calculate the remainder when 11302 is divided by 408.
286
Calculate the remainder when 45274 is divided by 84.
82
What is the remainder when 2283 is divided by 2280?
3
What is the remainder when 7705 is divided by 161?
138
Calculate the remainder when 6344 is divided by 48.
8
Calculate the remainder when 133002 is divided by 44316.
54
Calculate the remainder when 127972 is divided by 1488.
4
Calculate the remainder when 48296 is divided by 51.
50
Calculate the remainder when 13124 is divided by 1455.
29
What is the remainder when 52550 is divided by 657?
647
What is the remainder when 19844 is divided by 1526?
6
What is the remainder when 536117 is divided by 851?
838
What is the remainder when 288 is divided by 45?
18
Calculate the remainder when 3834 is divided by 951.
30
Calculate the remainder when 17043 is divided by 16.
3
What is the remainder when 5511 is divided by 501?
0
What is the remainder when 21684 is divided by 56?
12
Calculate the remainder when 5329 is divided by 272.
161
What is the remainder when 58058 is divided by 38?
32
What is the remainder when 1034 is divided by 131?
117
What is the remainder when 2252 is divided by 59?
10
Calculate the remainder when 182397 is divided by 57.
54
What is the remainder when 15163 is divided by 77?
71
What is the remainder when 4881449 is divided by 525?
524
What is the remainder when 1194179 is divided by 34?
31
What is the remainder when 139589 is divided by 80?
69
Calculate the remainder when 106026 is divided by 187.
184
What is the remainder when 4082 is divided by 5?
2
What is the remainder when 133 is divided by 20?
13
Calculate the remainder when 1302 is divided by 451.
400
Calculate the remainder when 57952 is divided by 4457.
11
Calculate the remainder when 54933 is divided by 25.
8
Calculate the remainder when 121415 is divided by 22.
19
What is the remainder when 35248 is divided by 11735?
43
What is the remainder when 107352 is divided by 74?
52
Calculate the remainder when 1288 is divided by 247.
53
What is the remainder when 242706 is divided by 458?
424
What is the remainder when 4941 is divided by 309?
306
Calculate the remainder when 43863 is divided by 14.
1
What is the remainder when 1731264 is divided by 333?
330
What is the remainder when 680241 is divided by 97177?
2
What is the remainder when 2883875 is divided by 12?
11
Calculate the remainder when 2925 is divided by 75.
0
What is the remainder when 6667 is divided by 1319?
72
What is the remainder when 3676 is divided by 915?
16
What is the remainder when 18564 is divided by 344?
332
Calculate the remainder when 549987 is divided by 194.
191
Calculate the remainder when 4785 is divided by 2343.
99
Calculate the remainder when 4370 is divided by 2155.
60
Calculate the remainder when 11971 is divided by 72.
19
Calculate the remainder when 29779 is divided by 73.
68
What is the remainder when 11989 is divided by 467?
314
Calculate the remainder when 5755 is divided by 145.
100
What is the rema